et i be d(j). Let b = -56 + i. What is the units digit of b?
1
Suppose 0 = 3*n - 6, 5*n = -4*u - 8 - 2. Let z(w) = w**3 + 4*w**2 + 12*w + 3. Let o be z(u). Let x = 136 + o. What is the units digit of x?
4
Let y = -557 + 527. What is the units digit of 2499/35 - (-12)/y?
1
Let q(p) = -p**2 + 6*p - 4. Suppose -u = 28 - 31. Let n be q(u). Suppose 210 = 3*k + 2*v - 95, -n*v = -k + 79. What is the units digit of k?
9
Suppose -4*l + 24 = 2*l. Suppose 0 = l*c + 2*f + 2 - 50, 5*c - f = 53. Suppose 4*j - c*j = -168. What is the tens digit of j?
2
Suppose 18 = -44*l + 38*l. What is the tens digit of 602/12 + (l - 102/(-36))?
5
Let g(y) = -370*y - 349. What is the hundreds digit of g(-16)?
5
Let t be (-1482)/(-286) + (-1)/((-22)/(-4)). Let m(a) = 3*a**3 - a**2 + 9*a - 19. What is the hundreds digit of m(t)?
3
Suppose -64 - 66 = -5*u. Suppose 14 + u = 5*n. Suppose 5*l = -n*z + 3*z + 210, -4*l + 165 = 3*z. What is the tens digit of l?
3
Let k(b) = -3*b**3 + 74*b**2 - 46*b - 19. Let p(w) = -w**3 + 25*w**2 - 15*w - 6. Let v(j) = 6*k(j) - 17*p(j). What is the tens digit of v(14)?
7
Suppose -3*f = 2*f - 670. Let j be 0*(-5)/(-10) + f. Suppose -76 = -3*h + j. What is the tens digit of h?
7
What is the hundreds digit of -7 - 6/15*(-9 + -1116)?
4
What is the units digit of 18441 - ((-5)/3 + 1)/((-488)/732)?
0
Suppose -44 = -a - 4*y, -a - 2*y - 6 = -48. Suppose a*k - 519 = 39*k. What is the units digit of k?
9
Let n = -345 + 348. Suppose 4*u - c = 3109, -n*u + 0*u = -2*c - 2328. What is the units digit of u?
8
Let d(c) = -c**3 + 3*c**2 + 9*c - 8. Let n = 27 + -23. What is the tens digit of d(n)?
1
Suppose -3*n = -2*n. Suppose -2*s + 2*c + 12 = 0, 5*c + 7 - 1 = -s. Suppose n*p + 2*o - 194 = -s*p, 0 = -5*p + 4*o + 275. What is the units digit of p?
1
Let v(s) be the second derivative of 7/2*s**2 - 7/2*s**3 - 1/12*s**4 + 0 - 3*s. What is the units digit of v(-12)?
5
Suppose 0*c = -3*c - 5*w - 411, -w = -2*c - 274. Let b = -54 - c. Let t = b + -48. What is the tens digit of t?
3
Let x(c) = 1166*c**3 - 4*c**2 + 38*c - 107. What is the tens digit of x(3)?
5
Let n(j) = -j**3 + 16*j**2 + j - 7. Let d be n(16). What is the tens digit of 4/d + 292272/432?
7
Suppose -5*d = 7124 - 434. What is the tens digit of ((-2)/4)/(3/d)?
2
Let k(f) = -2*f**3 - 7*f**2 + 9*f - 2. Let c be k(-4). Let j = -10 - c. Suppose -j*a + 140 = -8*a. What is the tens digit of a?
3
Let z be (-15)/(-35) - (-72)/28. Suppose k = -p + z, -2*k + 13 = k + p. Suppose 0*i - k*i + 2*q = -893, i = -4*q + 161. What is the units digit of i?
7
Let z(l) = 73*l + 1150. What is the thousands digit of z(4)?
1
Suppose 57 = -8*o - 191. Let y = -29 - o. Suppose -9*b + 7 = y*c - 6*b, -4*c - 3*b = -23. What is the units digit of c?
8
What is the tens digit of ((-225820)/210)/(2/(-27))?
1
Let g be ((-1)/(-2))/(25/300). Suppose 3*t - 216 = -g*t. What is the units digit of t?
4
Let t be (-104)/18*(23/(-2) + 7). Suppose -t*p + 756 = -19*p. What is the tens digit of p?
0
Let r = 173 + -123. Let d(v) = -22*v - 8 + r*v - 24*v + 4*v**2. What is the tens digit of d(-4)?
4
Suppose -2*t - g = -2*g - 48, -5*g - 96 = -4*t. What is the hundreds digit of (-4)/12 - (-9008)/t?
3
Suppose 3*g = 3*k + 13053 + 7038, 5*k = -3*g + 20091. What is the tens digit of g?
9
Let d = -182 - -185. Suppose -4*w = -5*q + 610, d*q - 8*q - 2*w + 610 = 0. What is the units digit of q?
2
Let p = 65 + -185. Let d = -51 - p. What is the units digit of d?
9
Suppose n - 33201 = 3*c, 4*c = -3*n + 82060 + 17556. Suppose -n = 48*y - 81636. What is the tens digit of y?
0
Suppose 0 = -3*n - 5*k - 52, -k = -9*n + 12*n + 32. Let z(r) = -39*r - 5. Let v(j) = -20*j - 2. Let o(q) = -5*v(q) + 3*z(q). What is the units digit of o(n)?
8
Let w(z) = -6*z**3 + z**2 - 3. Let q be w(3). Let b = q + 402. Suppose -7*k + b = -5*k. What is the hundreds digit of k?
1
Suppose -4*k + 16 = 4*n + 4, -5 = -3*n + k. Let c(r) = -5 + 8*r - 28*r - n + 5*r. What is the tens digit of c(-3)?
3
What is the units digit of (-4*(-2)/(-6) + 18942/396)*1140?
0
Suppose 19*x - 17*x = -1430. Let k = x - -1272. What is the tens digit of k?
5
Suppose 480*k - 479*k = 0, -2*z + k + 123684 = 0. What is the units digit of z?
2
Let h(i) = -7*i**3 + 8*i**2 - 16*i - 8. Let b be h(4). Let l = b + 883. What is the units digit of l?
1
Suppose 6578 = c - 3*j, 139*c - 143*c = -j - 26334. What is the thousands digit of c?
6
Let l = -5333 - -13320. What is the units digit of l?
7
Suppose 358*f - 405483 = 319*f. What is the ten thousands digit of f?
1
Suppose -2*o + 6 = -t, -5*t + 10 = -0*o - 2*o. Suppose t*s + 8 = 0, -b + 4*s = 5*s + 2. What is the tens digit of 32 - (-3 - (b - 0))?
3
Suppose 0 = 21*r - 55*r + 161364. What is the thousands digit of r?
4
Let g(b) = -286*b - 9. Let t be (-66)/99*(3 - 0). What is the units digit of g(t)?
3
Suppose -5*q - 47 + 497 = -4*p, -4*p - 2*q = 464. Suppose 4 = 2*z, z + 204 = -d + 3*z. Let k = p - d. What is the tens digit of k?
8
Suppose -w + f - 33 = -91, 314 = 5*w + f. Suppose -k + 61 - w = 0. What is the units digit of (k + 4)*(-1316)/(-21)?
8
Let v be (6/5)/((-12)/(-30)) - -742. Suppose 5*j - 877 = 2*f, -4*j + 2*f - 45 + v = 0. Suppose -3*r = -j + 6. What is the units digit of r?
7
Let w = -100 + 82. Suppose 3*c + 75 = -v, 5*v - 2*c + 619 = 193. Let j = w - v. What is the tens digit of j?
6
Let v(w) = -10*w + 53. Let r be v(5). Suppose r*m = 4*f + 423, -4*m + 5*f = m - 700. What is the tens digit of m?
3
Let g(k) be the first derivative of -8*k**2 - 14*k - 18. What is the tens digit of g(-4)?
5
What is the hundreds digit of 771/(-514) - 9149/(-2)?
5
Let j(o) = -72*o**3 + 6*o**2 - 53*o - 290. What is the hundreds digit of j(-6)?
7
Let h = 32757 + 1261. What is the hundreds digit of h?
0
Let j(d) = -157*d**2 + 6*d - 2*d**3 + 154*d**2 + 7 + d**3. What is the units digit of j(-12)?
1
Let d(t) = 36*t - 17*t - 1 - 17*t - 8*t**3 + 3 + 2*t**2. What is the hundreds digit of d(-3)?
2
Let z(m) = -34*m**2 + 124*m**2 - 48*m + 85*m - 36*m. Let f(p) = p + 1. Let s be f(-2). What is the tens digit of z(s)?
8
Let k(j) be the third derivative of j**4/6 + 7*j**3/3 - 5*j**2. Let x be k(-4). What is the units digit of 1 + (-3 - -11) - -2 - x?
3
Let j(o) = 270*o**2 + 9*o - 45. What is the units digit of j(16)?
9
Suppose n = 7 + 6. Let f be -1 + n/((-65)/280). Let v = f - -137. What is the tens digit of v?
8
Suppose 13*p - p - 252 = 0. What is the units digit of (12702/42 - 0) + (-9)/p?
2
Suppose 2*h - n = -1, -32*n - 2 = -h - 34*n. Suppose 5*d - 4*p - 94 = 0, 4*d + 3*p - 5*p - 80 = h. What is the tens digit of d?
2
Let s(d) = 5*d**2 - 144 - 28*d - 146 + 250. What is the tens digit of s(19)?
3
Let l(b) = -164*b + 8. Let w be l(-5). Suppose 4*g + p - 560 = w, -1388 = -4*g + 5*p. What is the tens digit of g?
4
What is the hundreds digit of ((9 - 72248) + 1)/(-2)?
1
Suppose -q + 5*a - 783 = 2*a, -4*a = -8. What is the tens digit of ((-2)/6)/((-1553)/q + -2)?
5
Let z = -916 - -1582. Suppose 4*b = z + 2738. What is the hundreds digit of b?
8
Let w(q) = -q**3 + q - 4. Let t be w(-2). What is the tens digit of -16 + 17 + (t - -472)?
7
Let o = 228 - 224. What is the hundreds digit of ((-26)/o)/((-14)/588)?
2
What is the units digit of 5*(-39)/130*(-6092 - 0)?
8
Suppose -4455 = -10*z + 2585. Suppose -4*g + 1888 = 4*a, -4*g + 2595 = 5*a + z. What is the tens digit of g?
6
Suppose 12*l - 21716 = -4160. What is the units digit of l?
3
Let f(n) = 33*n**2 - 21*n - 2. Let k(i) = 11*i**2 - 7*i - 1. Let h(t) = -4*f(t) + 11*k(t). Let s be h(6). What is the units digit of s/(-33) + (-2)/(-11)?
1
Let u = -102591 - -174661. What is the thousands digit of u?
2
Suppose -4*s = 3*c - 16260, -3*s + 494*c - 497*c = -12198. What is the tens digit of s?
6
Suppose -3*s + 4*p = -2*s + 626, -s - 624 = -2*p. Let r = s - -1173. What is the units digit of r?
1
Suppose -52*k + 69*k + 66*k - 859548 = 0. What is the tens digit of k?
5
Let n = 6677 + -1811. What is the tens digit of n?
6
Let v = 3148 + -2140. Let q = v - 655. What is the tens digit of q?
5
Let s(o) = o**2 - 19*o + 24. Let f be s(14). Let w = 53 + f. Suppose 2*i = w + 5. What is the units digit of i?
6
Suppose m - 7537 = -4*i, 4*i = -4*m + 5409 + 2119. Let u = -456 + i. What is the tens digit of u?
2
Let n(t) = -37*t**2 - 2*t. Let r be n(-1). What is the tens digit of (-5